 2*j. What is the greatest common factor of 45 and j?
9
Suppose 100 = d + m, -3*d - 8*m = -4*m - 300. What is the greatest common divisor of d and 25?
25
Let z = -110 + 159. Let v(w) = w + 6. Let f be v(0). Let c be f - (-2 + 2 + -1). What is the highest common divisor of c and z?
7
Let w = 16 + -11. Suppose -k - 5*l = k - 20, -3*k = -4*l - 76. What is the highest common divisor of w and k?
5
Suppose -2*c + 7*c - 315 = 0. Calculate the greatest common factor of c and 42.
21
Let l be ((-11)/4)/(3/(-12)). What is the highest common divisor of l and 88?
11
Suppose -2*o = -11 - 21. Suppose -2*g - 33 = 111. Let s = g + 104. Calculate the highest common factor of s and o.
16
Let v be (-1)/3 + 928/12. Calculate the greatest common divisor of v and 7.
7
Let i = -11 - -12. Suppose -3*y - i = -x + 1, 2*x + y = 18. What is the greatest common divisor of 1 and x?
1
Let i = -38 + 18. Let b be (12/5)/((-4)/i). Calculate the greatest common divisor of 48 and b.
12
Suppose -3 = -0*u - 3*u. Calculate the greatest common factor of u and 5.
1
Suppose -19 = -p - 2*g, 0*g = 2*p - g - 58. Let s = p - 3. What is the greatest common factor of s and 168?
24
Let h(c) = c**3 - 11*c**2 + 15*c - 10. Let f be h(10). What is the greatest common factor of f and 5?
5
Suppose 4*b = m - 1, -2*b + 38 = 2*m + 2*b. Suppose 0 = 4*p + 4*t - 24, t - 8 = 2*p - t. Let o = m - p. Calculate the highest common factor of o and 18.
6
Let i be 6/4 - (-2)/4. Suppose 0*a = a - i. Suppose 0 = 4*d - 8 - 32. What is the highest common divisor of a and d?
2
Suppose -3*w + 4 = -w, 82 = 3*x + 5*w. Let s be (-32)/(-10)*(4 + 1). Calculate the greatest common factor of x and s.
8
Let h be (-2)/(-6) + 20/3. Suppose -h*i + 15 = -2*i. Let u(q) = 2*q**3 + 8*q**2 + 5*q + 3. Let l be u(-3). Calculate the highest common divisor of i and l.
3
Let z(r) = r**2 - 10*r + 11. Let j = 5 + 4. Let p be z(j). Suppose 3*s = p*w + 22, -4*s + 30 = -w - w. Calculate the highest common divisor of 8 and s.
8
Let l(k) = -k**2 + 2. Let i be l(0). Let y = 312 - 309. What is the highest common factor of y and i?
1
Let h = 38 + -15. Calculate the greatest common factor of h and 161.
23
Suppose 64 + 328 = 4*n. Let u(d) = -d**2 - 10*d + 5. Let j be u(-9). Calculate the greatest common factor of j and n.
14
Let u(k) = -2*k - 21. Let y be u(-16). Calculate the greatest common divisor of y and 99.
11
Let g be 3/4 + 9/(-12). Let m be 13 + 2 + g/(-2). Suppose 4*r - 12 = 0, -24 = -3*j - 4*r + r. Calculate the greatest common divisor of j and m.
5
Let n be (2*3)/(3/2). Suppose -3*p + 97 = n. Suppose y = 4*y + 4*c - p, -y + 3*c = -6. Calculate the highest common divisor of 18 and y.
9
Let g be -18*(-2 + (8/3)/4). What is the greatest common factor of g and 216?
24
Suppose -5*u + j + 43 = 0, 2*u + 5*j + 2 = 3. Calculate the highest common divisor of u and 16.
8
Suppose 3*k - b - 12 = 2*b, 2*k + 2*b = 4. What is the greatest common divisor of k and 33?
3
Let k be (-10)/(-4)*52/5. Suppose 0 = 5*h + 2*p - 307, -5*p + 143 = 3*h - k. What is the greatest common factor of 7 and h?
7
Let l = 71 - 43. Let b be -126*(1 - -1)*-1. What is the greatest common factor of b and l?
28
Suppose -b + 4 = -3. Suppose -10*k = -6*k - 308. Calculate the greatest common divisor of k and b.
7
Let p = -10 - -11. What is the greatest common divisor of p and 2?
1
Let h be 2/6 - 28/(-6). Let f be ((-1)/2)/(1/(-14)). Let m = f - 6. Calculate the greatest common divisor of m and h.
1
Let h = 161 - 92. Calculate the highest common divisor of 23 and h.
23
Let x = -6 + 11. Suppose -2*t + x*t - 36 = 0. What is the greatest common divisor of 48 and t?
12
Let a(i) = 25*i + 1. Suppose 3*m - 11 + 5 = 0. Let b be a(m). Calculate the greatest common factor of b and 17.
17
Suppose 158*n - 160*n + 140 = 0. What is the highest common factor of 14 and n?
14
Let y(a) = 23*a**2 + 4. Let n be y(2). Suppose -3*b + 0*b + 36 = 0. Calculate the greatest common divisor of b and n.
12
Suppose -2*i = 4*g - 38, 0 = -5*g - 0*g - 4*i + 49. Let m be -1 - 87/(-12) - 1/4. Calculate the highest common factor of m and g.
3
Let r be 36/(-9) - (-10 - -1). Suppose 5*y + 7 = -4*v + 23, -2*v = 2*y - 6. Suppose y*c - r = -c. What is the greatest common factor of c and 3?
1
Let q = 6 - 4. Suppose -3*c + 15 = 4*o, q*o - 4*c = -o - 20. Let x be 2 - ((-6)/1 + o). Calculate the greatest common factor of 64 and x.
8
Suppose 0 = -4*h + 3*x + 547, -3*h + 409 = -0*x - 2*x. Calculate the greatest common divisor of h and 19.
19
Suppose -43 = -5*i - 3*j, -2*i = -2*j - 15 + 1. Suppose 0 = -2*a - 5*l + 5, -a + l + i = -2*l. Let n = a - 3. What is the highest common divisor of 16 and n?
2
Let f = 21 - 9. Let i(y) = -14*y - 5. Let a(p) = -153*p - 54. Let t(m) = 5*a(m) - 54*i(m). Let j be t(-12). Calculate the greatest common divisor of f and j.
12
Suppose 4*o = 3*w + 616, 7*o - 2*o - 3*w = 770. Calculate the greatest common factor of o and 14.
14
Let o = -45 + 50. What is the greatest common divisor of o and 25?
5
Let q = -41 + 47. What is the highest common factor of q and 3?
3
Suppose -y + 121 = -0*y. Calculate the highest common divisor of 11 and y.
11
Let g(a) = -a**3 + 7*a**2 + 5*a - 11. Let q be g(7). Suppose -3*c + 10 = -2. Suppose -c*u + 40 = u. Calculate the greatest common factor of u and q.
8
Let y(i) = -15*i + 1. Let p be y(1). Let u be -3*(-2)/(-3)*p. Calculate the greatest common divisor of 4 and u.
4
Suppose -3*w - 4 = 3*a + 2, 0 = 4*w - 4*a - 32. Let y be 49 + 2/6*w. Calculate the highest common factor of 10 and y.
10
Suppose 4*n - 17 = 7. What is the highest common divisor of n and 54?
6
Let t(u) = u + 3. Let l be t(-3). Suppose l*x + 2*x - 20 = 0. Let r = -82 - -87. Calculate the greatest common divisor of r and x.
5
Let c(a) = 2*a - a + 0*a + 1. Let u be c(7). Calculate the greatest common divisor of 1 and u.
1
Suppose 4*w = 20, 4*c - 2*w = 3*w - 13. Let n(r) = -r + 7. Let o be n(5). Suppose -c*t + 135 = o*t. What is the highest common divisor of t and 3?
3
Let l(m) = -2*m + 1. Let v(y) = y - 3. Let u be v(2). Let i be l(u). Calculate the highest common factor of 3 and i.
3
Suppose 5*o = -3*t + 259, t - 37 = 2*o + 53. Let w = 59 + -48. Calculate the highest common divisor of w and t.
11
Suppose -z + 24 = 3*z. What is the greatest common factor of z and 9?
3
Suppose 5*q - 108 = -s, 2*s - 2*q - 216 = -0*s. What is the greatest common divisor of 12 and s?
12
Suppose -2*i - 3 + 1 = 0. Let t(s) = 4 + 3 - 5 - 1 - 9*s. Let q be t(i). Calculate the highest common divisor of q and 2.
2
Let c be 0*-2*3/6. Suppose 3*t + t = 0, -3*j + t - 18 = c. Let s be (-40)/j*84/8. What is the highest common divisor of s and 10?
10
Suppose -4*s + 1 + 7 = 0, 3*s = 3*v - 330. Let c be ((-9)/12)/((-4)/v). What is the highest common divisor of 63 and c?
21
Let t(k) = -2*k**3 - 8*k**2 - 7*k - 10. Let m be t(-5). Let d(c) = -c**2 - 12*c - 6. Let s be d(-6). What is the greatest common divisor of m and s?
15
Let y be (-1 - -3 - -28) + -3. Suppose 0*m = 3*m - y. Calculate the highest common divisor of 36 and m.
9
Let i be 16 + 1 + 1 + 0. What is the greatest common factor of i and 162?
18
Suppose -m + 7 - 4 = 0. Calculate the greatest common factor of 2 and m.
1
Suppose -734 = -3*y - 263. Let k = 75 - 111. Let a = k + y. What is the highest common factor of 11 and a?
11
Let b(h) = h**2 - 6*h + 3. Let c be b(6). Let n(r) = r**3 - 3*r**2 - r + 4. Let l be n(c). Let o = -15 + 23. What is the highest common divisor of l and o?
1
Suppose 5*v = 25 - 20. Calculate the highest common divisor of 4 and v.
1
Suppose 8 = -0*r + 2*r. What is the greatest common divisor of 52 and r?
4
Suppose 4 = -o, 2*p - o = 4*o - 16. Let c = -11 - p. Suppose 3*d + 5*h - 38 = 0, -12 = -4*d + 5*h + 97. What is the highest common divisor of d and c?
7
Let x = -4 - -22. Let h = x - 4. Calculate the greatest common factor of 154 and h.
14
Let b be (11 - 6)/((-2)/(-6)). What is the greatest common divisor of 6 and b?
3
Let z(x) = x**2 + 3*x + 2. Let a be z(-5). Let q be (369/164)/(6/80). Calculate the highest common divisor of q and a.
6
Suppose -5*v = -11 - 44. Suppose 3*a = -d + 28, 5*a + 7*d - 2*d - 30 = 0. Calculate the highest common divisor of a and v.
11
Suppose -8*a = -47 - 65. Suppose 0 = k - 3 + 1. Calculate the greatest common divisor of a and k.
2
Suppos